ctors of ((-9)/(-4))/(9/d)?
2, 3
Let i = 15 + -10. Suppose -i*f = -54 - 1. Let d = f + -1. What are the prime factors of d?
2, 5
Let l(t) = -t**2 - 2*t - 1. Let c(a) = 5*a**2 + 9*a + 5. Let m(z) = 2*c(z) + 9*l(z). Let p be m(2). Suppose -p*h + 79 - 19 = 0. What are the prime factors of h?
2, 3
Let q(k) = -4*k + 0 - 3*k + 0*k**2 - 6 - k**2. Let w be q(-5). Let c(v) = v**2 - 4*v + 2. What are the prime factors of c(w)?
2
Let s = 4 + -2. Let d be 1 + -3 - (-42)/s. Let p = -9 + d. What are the prime factors of p?
2, 5
Let q be (3/(-1) - -1) + 43. Let v = -29 + q. List the prime factors of v.
2, 3
Let w = 6 - -7. List the prime factors of w.
13
Let f(c) = -5*c - 6. Let y(t) = -t**3 + 7*t**2 + 8*t + 4. Let w be y(8). Suppose 4*u - u + 5*s = -2, 0 = -w*s + 8. What are the prime factors of f(u)?
2, 7
Let l(b) = b**3 + 8*b**2 - b - 8. Let c be l(-8). Let j be (1 - 2 - c)*-60. Suppose 0 = -z - 4*z + j. List the prime factors of z.
2, 3
Suppose 4*p + 4*c = 68, 3*p = 2*p + 4*c + 17. What are the prime factors of p?
17
Let p(l) = l**3 + 5*l - 2*l + 1 + 0*l**2 + 5*l**2 + 0*l**3. What are the prime factors of p(-4)?
5
Let b(n) be the third derivative of n**5/15 + n**4/24 + 9*n**2. What are the prime factors of b(-2)?
2, 7
Suppose -6 - 10 = -4*k, 2*x - 4*k = 240. List the prime factors of x.
2
Suppose o + 1 = 4. Suppose -5*r + 54 = l, -o*r - 5*l + 77 = 27. What are the prime factors of r?
2, 5
Let k(x) = x**2 - 2*x + 2. Let w be k(3). Suppose -3*s + w + 40 = 0. List the prime factors of s.
3, 5
Suppose 488 = 5*p - 2*r, 0*p + 2*r - 280 = -3*p. What are the prime factors of p?
2, 3
Let k(b) = b**2 + 5*b. Let l be k(-5). Let g = l - -2. What are the prime factors of g?
2
Suppose -5*k + 0 = 3*y - 16, -5*k = -5*y + 80. What are the prime factors of y?
2, 3
Let i(n) = -2*n - 6 - 2*n + 0*n. What are the prime factors of i(-6)?
2, 3
Suppose 5*n - 2*n = 102. Suppose -r + n = 4*l - 2*r, -4*r = -4*l + 40. Suppose 0*o - 4*o + l = 0. List the prime factors of o.
2
Let t = 53 + -20. What are the prime factors of t?
3, 11
Let p = 68 + -47. What are the prime factors of p?
3, 7
What are the prime factors of (0 + 111 - 1)*1?
2, 5, 11
Let o(r) = 2*r + 12. Let h be o(-14). Let z be 4/h + (-217)/(-4). Suppose -z = -4*c + 34. What are the prime factors of c?
2, 11
Suppose -s = -3*s + 4. Let g(v) = -3 + 0*v**2 - 5*v + 2*v + 2*v**s + v. List the prime factors of g(-2).
3
Let x(k) = -k**2 - 4*k - 6. Let i be x(-4). Let t be i*2/4*-5. Let h = t - 7. List the prime factors of h.
2
Let w(h) = 3*h + 1. Suppose -4*i = -i. Suppose t + 4*t - 10 = i. What are the prime factors of w(t)?
7
Let l(i) = -i + i - 2*i**2 + i + 3*i**2. List the prime factors of l(2).
2, 3
Let d(a) = a**2 - 3*a. What are the prime factors of d(-3)?
2, 3
Suppose -4*c = -5*f + 93, 6*f - 70 = 2*f + c. Let l = 28 - f. Let q = l - 4. What are the prime factors of q?
7
Let g(l) = 2*l + l - 1 - 4 - 3. What are the prime factors of g(8)?
2
Let u(r) = -r**2 - 21*r + 15. What are the prime factors of u(-11)?
5
Suppose -n - 4*n = -3*u - 378, 0 = 4*n + 3*u - 324. What are the prime factors of n?
2, 3, 13
Suppose -3*t - 192 = -5*t. Suppose t = -0*k + 3*k. What are the prime factors of k?
2
Let n(y) = -2*y + 0*y + 5 - 2. Let k(l) = -l**3 - 6*l**2 - 4*l - 2. Let o be k(-5). What are the prime factors of n(o)?
17
Suppose 0 = 2*s - s - 3*p - 132, -15 = -5*p. List the prime factors of s.
3, 47
Let a be ((-3)/(-9))/((-2)/(-90)). Suppose 2*l - a - 25 = 0. List the prime factors of l.
2, 5
Let f = 11 - 3. Let p(b) = b**3 - 8*b**2 + 2. Let k be p(f). Suppose y - 33 = -k*y. List the prime factors of y.
11
Suppose z = 5*z. Suppose -j + 5*s = z, 3*s = -2*j - 1 + 14. List the prime factors of j.
5
Let a = 27 - -61. List the prime factors of a.
2, 11
Let r = -15 + 24. Let b(d) = d + r - 4 + 5. List the prime factors of b(10).
2, 5
Suppose -3 = 4*f + 9, -3*k - f - 54 = 0. Let n = 21 + k. List the prime factors of n.
2
Let m = -3 + 4. Let s be 2 - (-2 - -1)/(-1). List the prime factors of (s - -11)*m/2.
2, 3
Let x = -59 + -19. What are the prime factors of (3/(-9))/(2/x)?
13
Suppose 0 = r - 4*r + 9. What are the prime factors of r?
3
Let s = 45 + -68. Let l = 40 + s. What are the prime factors of l?
17
List the prime factors of 850/15 - 4/6.
2, 7
Suppose 12*l = 7*l + 10. Suppose 3*d - 50 = -l*d. What are the prime factors of d?
2, 5
Let r be 34/10 + 2/(-5). Suppose -r*y + 40 = -8. What are the prime factors of y?
2
Let f = -28 + 40. Let o be f/15 + 2/10. Let g = o + 9. List the prime factors of g.
2, 5
List the prime factors of (-11 + 8)/((-3)/73).
73
Let x be (-4)/10 - 714/15. Let f = -33 - x. List the prime factors of f.
3, 5
Let i be (-5)/25 - 82/(-10). What are the prime factors of (i/(-6) - 1)*-3?
7
Suppose 3 = -0*p + p. Suppose 0 = h + p - 8. List the prime factors of ((-6)/(-5))/(2/h).
3
Let k = -6 - -8. Suppose -k*s + 2*g + 2 + 0 = 0, 12 = 4*g. What are the prime factors of s?
2
Let h = -8 + 10. Suppose -h*n - 2*n - r + 154 = 0, 5*r + 180 = 5*n. What are the prime factors of n?
2, 19
Suppose 0 = -5*x - 40 + 135. Suppose -4*q = -x - 45. What are the prime factors of q?
2
Let t = 220 - 134. What are the prime factors of t?
2, 43
Suppose 0 = -y - 3*h + 18, 3*y = -2*y + 5*h + 150. List the prime factors of y.
3
List the prime factors of -2*(-2 - -3) - -34.
2
Let v = -12 - -29. What are the prime factors of v?
17
Let p(d) = -4*d + 1. What are the prime factors of p(-1)?
5
Suppose 3*j + 23 = -31. Let w be 1*-4*9/j. Suppose w*t = 4*t - 40. What are the prime factors of t?
2, 5
Let d(m) = -m**2 + 33*m + 14. What are the prime factors of d(14)?
2, 5, 7
Let k(b) = 9*b + 8. List the prime factors of k(13).
5
Let x(i) = -76*i - 14. What are the prime factors of x(-3)?
2, 107
Let a = -225 + 549. List the prime factors of a.
2, 3
Let i = 2 - -15. Let c(b) = -b**3 + 3*b**2 + 4*b - 6. Let s be c(4). Let w = i + s. What are the prime factors of w?
11
Suppose -4*j - 12 = -84. What are the prime factors of (-34)/(-9) + 4/j?
2
Let t(a) = 3*a - 27. Let d(u) = -2*u + 14. Let j(n) = -5*d(n) - 3*t(n). Suppose 2*w + 9 = 4*v + v, 0 = 2*v - 10. List the prime factors of j(w).
19
Suppose 0 = -2*k - k + 18. Let n = 2 + k. What are the prime factors of n?
2
Let h = -75 - -126. List the prime factors of h.
3, 17
Let m(h) = -h**3 + 13*h**2 + 39*h - 32. List the prime factors of m(14).
2, 3, 53
Suppose -3*y - 2*y - 40 = 0. List the prime factors of 15/2*y/(-6).
2, 5
Let z = 1 + -1. Suppose 2*c + 2 = -z. List the prime factors of ((-4)/8)/(c/22).
11
Suppose -1 = 5*p - 31. List the prime factors of p.
2, 3
Suppose 4*i = -5*a + 148 - 17, -3*i + 24 = a. List the prime factors of a.
3
Let j(f) = 3*f**3 - 6*f - 3*f - 10*f**2 + 0*f**3 - 5 - 2*f**3. List the prime factors of j(11).
17
Let g = 150 + -81. What are the prime factors of g?
3, 23
Let v = 8 - 3. Let b = 10 + v. List the prime factors of b.
3, 5
Let d(k) = -k**3 + 16*k**2 + 28*k + 39. What are the prime factors of d(17)?
2, 113
Let y(r) = -4*r + 1. Let s(h) = -h + 6. Let d be s(7). What are the prime factors of y(d)?
5
Suppose -5 - 3 = -2*i. Suppose i*j - 7 = 13. Suppose 0 = -o + 4*o + l - 33, -38 = -j*o + 4*l. What are the prime factors of o?
2, 5
Let u = 15 + 311. List the prime factors of u.
2, 163
Suppose 0 = -2*r + 313 - 81. What are the prime factors of r?
2, 29
Let p be (-2)/4 + (-3)/(-6). Suppose c + 158 = 4*q + 41, -4*q - 2*c + 102 = p. What are the prime factors of q?
2, 7
Suppose -3*z = -2*r - z + 278, -2*z - 137 = -r. List the prime factors of r.
3, 47
Let r(d) = d**2 - 8*d + 10. Suppose 2*n = -z + 2, -2*z - 4*n = -3*n - 13. List the prime factors of r(z).
2, 5
Let w(u) = u**3 + 15*u**2 + 33*u - 1. List the prime factors of w(-8).
3, 61
Let h be (12/4)/((-9)/(-6)). Suppose z = k - h, 4*k = z + 4*z + 3. List the prime factors of k.
7
Let j be 18/(2 - -1) - 3. Suppose 0*p = -j*p + 15. What are the prime factors of p?
5
Let j(b) = -2*b - 9. Let w be j(-8). What are the prime factors of ((-63)/w)/(3/(-4))?
2, 3
Let k(h) = 15*h + 5. Let w be k(5). Suppose -5*s + w = -0*s. List the prime factors of s.
2
Suppose -p - 4*p + 20 = 0. Let s = -19 - p. List the prime factors of (-6)/2 - (3 + s).
17
Suppose 3*p = 12 + 21. Let w = p - 5. List the prime factors of w.
2, 3
Suppose s - 19 = 2*q, -2*q + 4*s - 12 - 4 =